 5619 a composite number?
True
Is 469255 a composite number?
True
Is 2669 composite?
True
Is 2532191 prime?
True
Is 46387 prime?
False
Is 23399 a composite number?
False
Is 13133 prime?
False
Is 266477 a prime number?
True
Is 2477 a prime number?
True
Is 2749 a prime number?
True
Is 1073 a composite number?
True
Is 549313 a prime number?
True
Is 50171 prime?
False
Is 349787 a prime number?
True
Is 722413 a prime number?
False
Is 1385947 prime?
True
Is 1667695 a prime number?
False
Is 6437 composite?
True
Is 209318 prime?
False
Is 62641 composite?
True
Is 1508583 prime?
False
Is 43427 a composite number?
False
Is 79617 a prime number?
False
Is 165457 a prime number?
True
Is 157303 prime?
True
Is 129299 composite?
True
Is 19289 a composite number?
False
Is 6535 composite?
True
Is 12185 a composite number?
True
Is 1073351 composite?
False
Is 50647 a composite number?
False
Is 2149 a composite number?
True
Is 29201 a prime number?
True
Is 29903 composite?
True
Is 1133 prime?
False
Is 30757 a prime number?
True
Is 23915 a prime number?
False
Is 12373 prime?
True
Is 1139 a prime number?
False
Is 941 prime?
True
Is 85499 a prime number?
False
Is 133087 prime?
True
Is 1262551 prime?
False
Is 251849 prime?
False
Is 4243685 composite?
True
Is 3907 prime?
True
Is 130733 composite?
True
Is 92219 composite?
False
Is 21479 prime?
False
Is 166013 prime?
True
Is 143017 a composite number?
True
Is 322669 a composite number?
False
Is 456091 a composite number?
False
Is 19739 a prime number?
True
Is 2573 prime?
False
Is 14051 composite?
False
Is 4105 a composite number?
True
Is 23249 composite?
True
Is 5666 a composite number?
True
Is 213703 a prime number?
False
Is 57011 a composite number?
True
Is 17943 composite?
True
Is 643477 a composite number?
True
Is 1281419 prime?
False
Is 127954 composite?
True
Is 626369 composite?
True
Is 12097 composite?
False
Is 419 composite?
False
Is 11311 composite?
False
Is 23174 a prime number?
False
Is 31001 composite?
True
Is 56359 prime?
True
Is 11987 composite?
False
Is 217331 a prime number?
False
Is 160967 composite?
False
Is 30769 prime?
False
Is 62879 prime?
False
Is 3787 composite?
True
Is 24151 prime?
True
Is 506291 a prime number?
True
Is 703379 prime?
True
Is 25481 a composite number?
True
Is 52879 a prime number?
True
Is 3779 composite?
False
Is 14341 a prime number?
True
Is 260047 a composite number?
False
Is 27021 a prime number?
False
Is 2231 composite?
True
Is 2447 prime?
True
Is 19289 a prime number?
True
Is 998299 a prime number?
False
Is 68141 prime?
True
Is 106487 composite?
False
Is 1111 a composite number?
True
Is 29923 a prime number?
False
Is 44563 prime?
True
Is 3299 prime?
True
Is 2939 prime?
True
Is 414971 a prime number?
True
Is 635 a prime number?
False
Is 7109 composite?
False
Is 1151587 a prime number?
False
Is 53943 a composite number?
True
Is 46993 a composite number?
False
Is 2719 a prime number?
True
Is 36989 prime?
False
Is 67387 a composite number?
True
Is 13223 composite?
True
Is 38667 composite?
True
Is 5839 prime?
True
Is 297127 prime?
False
Is 27923 a composite number?
True
Is 250253 prime?
True
Is 516889 composite?
True
Is 138157 prime?
True
Is 258811 composite?
True
Is 971 composite?
False
Is 53657 prime?
True
Is 146213 a composite number?
False
Is 1872497 a composite number?
True
Is 1213 prime?
True
Is 12839 composite?
True
Is 11705 prime?
False
Is 50647 prime?
True
Is 382587 a prime number?
False
Is 303119 prime?
True
Is 16331 a prime number?
False
Is 393641 composite?
True
Is 3551 composite?
True
Is 191441 prime?
True
Is 5234 composite?
True
Is 50189 prime?
False
Is 82083 composite?
True
Is 54799 composite?
False
Is 4621 composite?
False
Is 11947 a prime number?
False
Is 180407 a prime number?
False
Is 8587 prime?
False
Is 2503 prime?
True
Is 52943 a prime number?
False
Is 3557 a composite number?
False
Is 21623 a composite number?
True
Is 13523 a prime number?
True
Is 545429 a prime number?
True
Is 234457 prime?
True
Is 104722 composite?
True
Is 1100591 a prime number?
True
Is 640383 composite?
True
Is 15889 composite?
False
Is 6476959 a composite number?
False
Is 258097 composite?
True
Is 128173 composite?
False
Is 1049 prime?
True
Is 21247 composite?
False
Is 1393705 a composite number?
True
Is 676817 a composite number?
True
Is 163841 prime?
True
Is 165197 prime?
False
Is 229283 composite?
False
Is 12757 composite?
False
Is 12433 a composite number?
False
Is 4583 composite?
False
Is 3139 composite?
True
Is 15107 composite?
False
Is 4199473 a composite number?
False
Is 15403 a composite number?
True
Is 306823 a composite number?
True
Is 25151 composite?
True
Is 23939 a composite number?
True
Is 21271 a composite number?
True
Is 6997 a prime number?
True
Is 268487 composite?
False
Is 48878 a prime number?
False
Is 5333 prime?
True
Is 13261 composite?
True
Is 2298887 composite?
False
Is 53329 prime?
False
Is 175649 prime?
True
Is 302399 composite?
False
Is 2833 a composite number?
False
Is 4699 a prime number?
False
Is 314107 a composite number?
False
Is 127 composite?
False
Is 501665 a prime number?
False
Is 557153 a composite number?
False
Is 22613 a prime number?
True
Is 9977 a composite number?
True
Is 14047 a composite number?
True
Is 59 composite?
False
Is 155039 a composite number?
True
Is 113257 prime?
False
Is 50783 prime?
False
Is 34 a composite number?
True
Is 1019 a prime number?
True
Is 10487 composite?
False
Is 15089 prime?
False
Is 128431 prime?
True
Is 22501 a composite number?
False
Is 2610589 a prime number?
True
Is 2111 a prime number?
True
Is 1189 prime?
False
Is 51703 composite?
True
Is 51 prime?
False
Is 422 prime?
False
Is 4741 prime?
False
Is 37489 a prime number?
True
Is 6353 a composite number?
False
Is 169967 a prime number?
False
Is 39671 prime?
True
Is 126713 prime?
True
Is 3217 a composite number?
False
Is 233 a prime number?
True
Is 2015799 a composite number?
True
Is 543574 a prime number?
False
Is 292133 a composite number?
False
Is 28895 a composite number?
True
Is 20627 prime?
True
Is 253 a prime number?
False
Is 3977 a prime number?
False
Is 226943 a prime number?
True
Is 470333 a prime number?
True
Is 227683 composite?
True
Is 673 composite?
False
Is 10529 a prime number?
True
Is 31883 a composite number?
False
Is 6397 prime?
True
Is 114571 a composite number?
False
Is 29101 composite?
False
Is 139147 a prime number?
False
Is 98369 prime?
True
Is 618743 a prime number?
False
Is 59459 prime?
False
Is 21133 a prime number?
False
Is 116423 prime?
True
Is 203683 a composite number?
True
Is 36523 composite?
False
Is 205417 composite?
False
Is 2099 a composite number?
False
Is 48799 prime?
True
Is 122363 a composite number?
False
Is 27689 a composite number?
False
Is 26309 composite?
False
Is 1528167 composite?
True
Is 1460905 prime?
False
Is 22531 prime?
True
Is 317821 a prime number?
False
Is 36959 a prime number?
False
Is 1138363 a prime number?
True
Is 8951 prime?
True
Is 17747 composite?
False
Is 139 a prime number?
True
Is 32762 prime?
False
Is 18374 composite?
True
Is 170207 composite?
False
Is 936151 composite?
False
Is 227363 composite?
False
Is 86885 prime?
False
Is 275087 prime?
True
Is 244813 prime?
True
Is 352255 a prime number?
False
Is 502297 a composite number?
True
Is 24281 a prime number?
True
Is 226547 a composite number?
False
Is 9683 a composite number?
True
Is 1249 composite?
False
Is 24169 prime?
True
Is 809938 a prime number?
False
Is 2708777 composite?
True
Is 120101 a prime number?
False
Is 4091 a prime number?
True
Is 27427 a prime number?
True
Is 30181 composite?
False
Is 29677 a prime number?
False
Is 129719 prime?
True
Is 84657 prime?
False
Is 2861 a prime number?
True
Is 1981 composite?
True
Is 437809 a prime number?
True
Is 57617 composite?
True
Is 6899 composite?
False
Is 1171 a prime number?
True
Is 27473 prime?
False
Is 5749 a composite number?
False
Is 92887 composite?
True
Is 31637 a composite number?
True
Is 161485 prime?
False
Is 52147 composite?
False
Is 1282063 a composite number?
True
Is 43201 a composite number?
False
Is 816983 composite?
True
Is 12307 a prime number?
False
Is 4547 composite?
False
Is 235109 a prime number?
False
Is 49267 composite?
True
Is 94013 composite?
True
Is 5398 a composite numb